
Let j(w) = w**3 - 35*w**2 - 4735*w - 6345. What is j(89)?
-26
Let a(g) = -28*g**2 + 613*g - 206. Give a(21).
319
Let s(f) = -13*f**3 - 9*f**2 + 38*f - 22. Determine s(3).
-340
Let b(n) = 9*n**3 - n**2 + 135*n + 1166. What is b(-8)?
-4586
Let q(h) = 3773069*h - 37730703. What is q(10)?
-13
Let p(v) = 17*v**2 + 9712*v - 48538. What is p(5)?
447
Let m(k) = 36*k**3 - 718*k**2 - 44*k + 75. What is m(20)?
-5
Let p(t) = -t**3 + 126*t**2 - 816*t - 999. Calculate p(119).
1024
Let i(h) = 250855*h + 2759414. What is i(-11)?
9
Let c(l) = 889*l + 161572. Calculate c(-181).
663
Let i(m) = -7*m**2 + 2856*m + 2816. Give i(409).
-47
Let n(r) = -384*r + 17780. What is n(56)?
-3724
Let z(s) = 1795*s - 17974. Give z(10).
-24
Let v(s) = 41*s**2 - 193*s - 107. Determine v(5).
-47
Let r(n) = -313*n + 6396. Calculate r(20).
136
Let m(s) = -361399*s + 32525914. What is m(90)?
4
Let l(d) = d**2 + 499*d - 29864. What is l(54)?
-2
Let q(t) = -t**3 + 35*t**2 - 167*t - 150. What is q(29)?
53
Let i(f) = -f**3 - 15*f**2 + 44*f + 727. Give i(-7).
27
Let x(y) = 5*y**2 - 55*y + 286. What is x(5)?
136
Let v(z) = 4*z**2 + 6*z + 104. Determine v(12).
752
Let p(n) = -9634*n**2 - 924850*n + 1347. Give p(-96).
3
Let v(i) = 2*i**3 + 52*i**2 + 286*i - 145. What is v(-18)?
-109
Let k(d) = -22*d**2 + 14772*d + 82592. What is k(677)?
-2
Let c(l) = -l**3 - 20*l**2 + 429*l + 23. Give c(-33).
23
Let y(z) = z**3 + 28*z**2 - 12239*z + 129908. Give y(11).
-2
Let p(n) = n**2 - 21162*n + 148086. What is p(7)?
1
Let c(k) = -k**2 + 5331*k + 3847875. What is c(-644)?
-25
Let y(x) = -3*x**3 + 13*x**2 + 2377*x - 14235. Calculate y(6).
-153
Let n(g) = 1122792*g + 6736744. Determine n(-6).
-8
Let l(z) = -49*z**2 - 366*z - 68. What is l(-6)?
364
Let o(w) = -42*w**2 + 104*w - 164. Give o(6).
-1052
Let c(s) = -115*s**2 - 51*s + 42. Determine c(1).
-124
Let s(q) = 9104*q - 18112. Determine s(2).
96
Let s(a) = -15*a**2 - 337*a - 1708. What is s(-8)?
28
Let a(p) = -16*p**2 + 76*p - 39. Determine a(6).
-159
Let b(r) = 2740*r + 84975. Calculate b(-31).
35
Let p(v) = -v**2 + 18686*v - 130780. Give p(7).
-27
Let w(j) = -6*j**2 - 3559*j + 61606. Determine w(-610).
-4
Let r(q) = -11*q**3 + 666*q**2 + 5574*q + 170. Calculate r(68).
34
Let h(d) = 1136*d + 14739. What is h(-13)?
-29
Let u(q) = 16*q**3 - 975*q**2 - 29*q - 1957. Calculate u(61).
-5
Let y(s) = 12*s**3 + 14*s**2 - 317*s + 946. What is y(3)?
445
Let v(t) = t**2 + 18*t - 465. Determine v(15).
30
Let u(a) = -9123*a + 54767. Determine u(6).
29
Let q(l) = l**3 - 52*l**2 - 137*l + 164. Determine q(54).
-1402
Let b(w) = -314*w + 3802. What is b(12)?
34
Let b(w) = -1505*w**2 - 325071*w + 1945. Give b(-216).
1
Let c(y) = -388*y - 86464. What is c(-223)?
60
Let u(w) = 18816*w + 112854. What is u(-6)?
-42
Let z(t) = 4984*t + 124601. Give z(-25).
1
Let d(a) = -11*a**3 - 4703*a**2 - 2556*a + 2541. What is d(-427)?
-21
Let m(n) = -179*n + 2545. What is m(8)?
1113
Let d(k) = 9*k**3 - 960*k**2 + 626*k + 114. Calculate d(106).
-946
Let n(l) = 7058*l + 1065757. Calculate n(-151).
-1
Let m(g) = -2*g**2 + 42*g + 26011. Give m(-104).
11
Let l(v) = -v**2 + 233*v + 3277. Give l(-14).
-181
Let h(y) = y**3 + 22*y**2 + 272*y - 275. Calculate h(-10).
-1795
Let i(z) = -z**3 + 33*z**2 - 106*z + 172. Calculate i(29).
462
Let k(q) = -2*q**2 - 777*q + 145253. Give k(138).
-61
Let f(x) = -2*x**2 + 821609*x + 5751359. What is f(-7)?
-2
Let i(u) = 330*u + 88085. Give i(-267).
-25
Let a(s) = -94*s**3 - 7*s**2 + 416*s - 410. What is a(1)?
-95
Let u(a) = a**3 + 333*a**2 + 16376*a - 973. Determine u(-273).
119
Let q(d) = -d**3 - 67*d**2 - 876*d - 97. Give q(-18).
-205
Let k(q) = 13*q**2 - 32*q - 156. Calculate k(14).
1944
Let y(w) = w**3 - 26*w**2 + 634*w - 6061. What is y(13)?
-16
Let f(c) = -c**2 - 3772*c + 272839. Determine f(71).
-14
Let z(x) = 436*x - 68864. What is z(158)?
24
Let i(r) = -r**3 - 125*r**2 + 1608*r - 4941. Determine i(-137).
-9
Let j(b) = -4*b**3 - 323*b**2 + 539*b + 37259. Calculate j(-81).
161
Let d(w) = -2906*w + 8614. What is d(3)?
-104
Let w(z) = 47*z**2 + 241*z - 261. Give w(-5).
-291
Let z(m) = -3*m**2 - 213*m - 5001. What is z(-34)?
-1227
Let w(i) = 58781*i - 529044. Give w(9).
-15
Let n(l) = -2*l**3 - 98*l**2 - 18*l - 905. What is n(-49)?
-23
Let x(f) = -f**2 - 3889*f - 404668. What is x(-107)?
6
Let y(o) = -1752*o - 6607. What is y(-4)?
401
Let f(y) = -3*y**2 + 3688*y + 301731. Determine f(-77).
-32
Let m(q) = -5*q**2 - 9*q + 1039. Calculate m(19).
-937
Let x(k) = k**3 + 339*k**2 + 13482*k + 1156. Calculate x(-293).
-16
Let b(j) = -57*j + 1183. What is b(17)?
214
Let n(s) = s**2 + 17804*s + 213573. What is n(-12)?
69
Let f(b) = -155*b - 7172. What is f(-49)?
423
Let g(y) = -461*y**2 - 9220*y + 64. Give g(-20).
64
Let g(l) = -13850*l - 249322. Calculate g(-18).
-22
Let i(p) = -8*p**2 - 2048*p + 12500. What is i(6)?
-76
Let l(h) = 1492*h**2 + 307*h - 310. What is l(1)?
1489
Let b(n) = -10757*n - 494281. Calculate b(-46).
541
Let n(q) = -434219*q - 22579396. What is n(-52)?
-8
Let h(x) = x**3 + 133*x**2 + 3258*x + 2595. What is h(-101)?
-31
Let r(s) = -2*s**3 - 10*s**2 + 12976*s - 2212. Give r(78).
-28
Let i(v) = 538*v**2 - 47*v + 30. Calculate i(2).
2088
Let t(g) = -17*g**3 + 9*g**2 + 234*g - 928. Calculate t(4).
-936
Let n(l) = -2699*l + 2987793. Determine n(1107).
0
Let i(m) = 11*m**2 - 928*m - 3612. Calculate i(88).
-92
Let t(u) = 16*u**2 + 548*u - 3851. Give t(6).
13
Let f(y) = 2*y**3 + 22*y**2 + 219*y + 6061. What is f(-16)?
-3
Let j(n) = -18*n**3 + n**2 - 982*n + 3944. Calculate j(4).
-1120
Let f(c) = 34*c**2 - 249*c + 53. What is f(7)?
-24
Let h(r) = 2677*r + 80306. What is h(-30)?
-4
Let a(r) = -2*r**2 - 1653246*r - 6612963. Calculate a(-4).
-11
Let s(w) = 198*w**2 - 8*w - 82. Give s(3).
1676
Let u(t) = 233*t + 5982. Calculate u(-19).
1555
Let s(j) = j**3 - 32*j**2 + 10*j + 87. What is s(32)?
407
Let s(d) = -d**3 + 119*d**2 + 3938*d + 278. Calculate s(146).
-306
Let a(p) = -9*p**3 - 317*p**2 + 58*p + 4384. Determine a(-35).
-96
Let p(x) = -x**2 + 26*x - 98. Calculate p(15).
67
Let l(j) = -1050*j + 5248. Give l(5).
-2
Let k(l) = -4*l**3 - 18*l**2 - 453*l - 879. Determine k(-2).
-13
Let k(l) = 111173*l + 1667598. What is k(-15)?
3
Let i(j) = -22229*j - 1200355. Give i(-54).
11
Let u(y) = -3*y**3 - 195*y**2 - 11*y - 799. Give u(-65).
-84
Let q(x) = -19*x**2 - 64*x + 5. Calculate q(-9).
-958
Let i(t) = -87771*t - 16852046. Calculate i(-192).
-14
Let h(d) = -d**3 - 183*d**2 + 557*d - 128. What is h(-186)?
58
Let r(b) = 90*b**2 - 353*b - 155. Calculate r(4).
-127
Let o(u) = 778*u + 63785. Give o(-82).
-11
Let z(r) = r**3 + 29*r**2 + 11*r + 93. Give z(-29).
-226
Let d(j) = -9*j**2 - 1977*j - 2656. Calculate d(-219).
-1342
Let z(n) = 13*n**3 - 1012*n**2 - 169*n - 620. What is z(78)?
-1634
Let c(y) = 26*y**2 - 110*y + 259. Calculate c(6).
535
Let x(m) = 3*m**2 - 9361*m + 65569. What is x(7)?
189
Let v(x) = 4*x**3 - 19*x**2 + 31*x - 28. Calculate v(2).
-10
Let l(d) = -2001*d - 80087. What is l(-40)?
-47
Let l(y) = y**3 + 831*y**2 + 4192*y + 51180. Give l(-826).
-32
Let v(p) = p**2 - 87*p + 1729. What is v(71)?
593
Let i(c) = -18*c**2 - 716*c + 385. What is i(-40)?
225
Let y(b) = -21*b**2 + 1475*b + 1138. Calculate y(71).
2
Let d(q) = q**2 - 8*q - 243. What is d(-20)?
317
Let g(p) = -5239*p - 20979. Calculate g(-4).
-23
Let h(u) = 2613*u**2 - 7835*u - 5. What is h(3)?
7
Let h(q) = -486*q - 340. Calculate h(-1).
146
Let n(r) = 38*r**2 + 374*r - 4181. Give n(11).
4531
Let n(r) = 26*r**3 - 31*r**2 + 65*r + 5. Calculate n(2).
219
Let m(z) = 11*z**2 - 1170*z - 95. Determine m(106).
-519
Let r(w) = -3*w**3 + 9*w**2 - 31*w - 87. Determine r(6).
-597
Let k(q) = 6*q**3 + 9*q**2 + 21*q + 44. Determine k(-4).
-280
Let a(p) = 1218*p - 3887. Give a(3).
-233
Let o(f) = -15*f**3 + 6591*f**2 - 2634*f - 1. Give o(439).
-1
Let j(r) = 10*r**3 + 107*r**2 + 105. What is j(-11)?
-258
Let q(v) = 11822*v + 271945. What is q(-23)?
39
Let h(r) = -r**3 + 27*r**2 - 674*r + 9861. Give h(19).
-57
Let j(h) = -3734019*h + 5. Determine j(0).
5
Let b(z) = 3*z**3 - 79*z**2 + 259*z - 211. What is b(2)?
15
Let g(y) = -150891*y + 33497801. Determine g(222).
-1
Let u(h) = 19306*h + 308922. Calculate u(-16).
26
Let v(q) = -q**3 - 144*q**2 + 123*q - 2800. What is v(-145)?
390
Let y(u) = 5*u**3 - 83*u**2